s -607134 + -13?
-607147
In base 9, what is 447 + -14876?
-14428
In base 4, what is 11 + -22322233011?
-22322233000
In base 5, what is -1103210121 + -431?
-1103211102
In base 5, what is -2021444221 - -4?
-2021444212
In base 11, what is -6 - -62213791?
62213786
In base 5, what is 100344 - -31041?
131440
In base 13, what is c5a + 12534?
13491
In base 9, what is 5010806 + 60?
5010866
In base 10, what is -5 + 49287895?
49287890
In base 2, what is 10 - -1000111010011111010?
1000111010011111100
In base 14, what is -d40c2 - -2c?
-d4094
In base 11, what is -1225a - 859?
-13008
In base 15, what is -4 - -4105815?
4105811
In base 3, what is -10111212021000 - 2?
-10111212021002
In base 15, what is -2008 + -6?
-200e
In base 3, what is -1002020121021211 + 2200?
-1002020121012011
In base 5, what is -10040344301 + 21?
-10040344230
In base 14, what is -93b0c6 - 44?
-93b12a
In base 11, what is -76931 - 66?
-76997
In base 14, what is -cc987db6 + 2?
-cc987db4
In base 5, what is 1123331 - 11304?
1112022
In base 13, what is -cb67439 + 0?
-cb67439
In base 8, what is -1260 + -167?
-1447
In base 2, what is 1010110100 + -11000000001101?
-10110101011001
In base 8, what is 205 - 77303?
-77076
In base 3, what is -220102 + -121002001?
-121222110
In base 4, what is 122 - 321031031?
-321030303
In base 10, what is 738 + 100583?
101321
In base 10, what is 34773561 - -2?
34773563
In base 7, what is 103423161 + 23?
103423214
In base 9, what is -30517877 + -8?
-30517886
In base 6, what is -153 + -550240?
-550433
In base 12, what is -3b + -1b410?
-1b44b
In base 14, what is 12a8 + 177?
1441
In base 15, what is 1407d60 + 26?
1407d86
In base 8, what is -2044 - 436425?
-440471
In base 4, what is 32030323020 - 102?
32030322312
In base 12, what is -a529 + -18?
-a545
In base 6, what is 201 - -104352?
104553
In base 8, what is 0 + -3756044?
-3756044
In base 3, what is -21 + 1122111002200?
1122111002102
In base 11, what is 5a1a4a045 + 1?
5a1a4a046
In base 7, what is 10445 + -145212?
-134434
In base 13, what is -49 - -c1aa0b?
c1a992
In base 4, what is 10012203 + -1201311?
2210232
In base 6, what is -4214141332 - -2?
-4214141330
In base 3, what is -100011 - -112211021011?
112210221000
In base 15, what is 2 + 5baa84?
5baa86
In base 10, what is 163817785 + 2?
163817787
In base 7, what is 6 + 562506600?
562506606
In base 2, what is -10101001010001010001100 + 101?
-10101001010001010000111
In base 9, what is 1 + 5584248?
5584250
In base 3, what is -102102212 - 120221221?
-1000101210
In base 16, what is -246dc7 + -b8?
-246e7f
In base 13, what is 16aa3 - -359?
1712c
In base 2, what is -1110000 + -110100101000110110?
-110100101010100110
In base 11, what is 8 - -3300779?
3300786
In base 6, what is 1143 - -432424?
434011
In base 5, what is 4312214433 - 4?
4312214424
In base 10, what is -102502 - -82?
-102420
In base 13, what is 49cb8c + 4?
49cb93
In base 8, what is 56 + -565324?
-565246
In base 3, what is 1212010111001 - -12?
1212010111020
In base 10, what is 9 - -1224159?
1224168
In base 14, what is -609b - -4474?
-1a27
In base 7, what is 2 - -54410061?
54410063
In base 9, what is 1156 - 3131?
-1864
In base 12, what is -b4 - -28503?
2840b
In base 8, what is 2276567 + -7?
2276560
In base 6, what is -25410345 + 5?
-25410340
In base 7, what is 2533445 + 16?
2533464
In base 14, what is -1d05202 - 5?
-1d05207
In base 3, what is 10011112102220102 - 10?
10011112102220022
In base 9, what is -45 + -466375?
-466431
In base 15, what is -8 - -143b1a?
143b12
In base 15, what is aa528ca - -3?
aa528cd
In base 5, what is -4133234003 + -303?
-4133234311
In base 5, what is 4102022130 - -214?
4102022344
In base 15, what is -c3881 - 1b?
-c389c
In base 9, what is 1 - -60665034?
60665035
In base 8, what is 642 + 216371?
217233
In base 12, what is 9 + 1460a42?
1460a4b
In base 2, what is -10101 + 11111001101001010100010?
11111001101001010001101
In base 11, what is 66 - -646291?
646347
In base 12, what is -5982298 - -2?
-5982296
In base 9, what is 3464 + 60506?
64071
In base 9, what is -1660 - 3134?
-4804
In base 3, what is -1021210110 + -10121120?
-1102102000
In base 3, what is -100021012221 - -2120?
-100021010101
In base 14, what is 1ca + 1c44?
2030
In base 16, what is -171664 + 5?
-17165f
In base 6, what is 2324542 - -20124?
2345110
In base 4, what is -110201 - 230232?
-1001033
In base 10, what is 116344 + -116?
116228
In base 6, what is 10543520 - -535?
10544455
In base 13, what is -5917 - -493?
-5454
In base 8, what is 25435 + 113322?
140757
In base 5, what is 102402203213 - 4?
102402203204
In base 15, what is 24d1 - -9cd?
2eae
In base 12, what is 4 - 28a41b3?
-28a41ab
In base 5, what is -30312034 + 4?
-30312030
In base 8, what is -205141136 - -6?
-205141130
In base 14, what is 7 + -23b002?
-23add9
In base 16, what is -46480 + 903?
-45b7d
In base 11, what is 35 - -457953?
457988
In base 3, what is 12 + 1201220011212?
1201220012001
In base 16, what is 2c6 - -13f9?
16bf
In base 13, what is -121 + -1b423b?
-1b435c
In base 15, what is -18 + 22e4c3?
22e4aa
In base 7, what is -46 + 211600245?
211600166
In base 13, what is 40 + 60b38?
60b78
In base 5, what is -12014124024 + 12?
-12014124012
In base 2, what is 101001 - 1111111001010010111110010?
-1111111001010010111001001
In base 4, what is 111321 - -10120?
122101
In base 5, what is 144403 + -2140?
142213
In base 14, what is -17a - -8c3d?
8aa3
In base 8, what is 60173263 - 5?
60173256
In base 4, what is 111 - 200102302010?
-200102301233
In base 2, what is -10101011100011000 - -10010011?
-10101011010000101
In base 5, what is 10 + 12103401?
12103411
In base 3, what is -2102111 + 11021221?
1212110
In base 14, what is -a5ba1 + -18?
-a5bb9
In base 12, what is 885 + a259?
ab22
In base 4, what is 32 + -111221320323?
-111221320231
In base 14, what is 1a021 - -104?
1a125
In base 2, what is 101 + -1001001100101111010101000?
-1001001100101111010100011
In base 14, what is -1da9 + -c490?
-10459
In base 4, what is -1 - 20013001330?
-20013001331
In base 16, what is -42 - -57a2?
5760
In base 12, what is 15651 - 396?
15277
In base 13, what is 3891a - 1982?
36c68
In base 4, what is 30322 + -33310?
-2322
In base 10, what is 3460797 + -22?
3460775
In base 16, what is 125 - -2ee6?
300b
In base 11, what is aa41503 + -2?
aa41501
In base 2, what is 1000 - 110010100101010110111010?
-110010100101010110110010
In base 3, what is -1112201 + -2101221?
-10221122
In base 16, what is 122e75 - -1d7?
12304c
In base 6, what is -22023 - 102430?
-124453
In base 6, what is -20 - 10133245?
-10133305
In base 11, what is -5 + 9340132?
9340128
In base 3, what is 11120102120121120 + 200?
11120102120122020
In base 15, what is e91e8 - 105?
e90e3
In base 14, what is -28ab0cd + -6?
-28ab0d5
In base 12, what is -28 - 5a705a?
-5a7086
In base 8, what is 4 - 1156510?
-1156504
In base 10, what is -184801 + 11?
-184790
In base 9, what is 602 - 312243?
-311541
In base 9, what is 12443443 - -8?
12443452
In base 3, what is -2101202221 + 1011012?
-2100121202
In base 4, what is -31212011 - 111021?
-31323032
In base 6, what is 215343 + -44333?
131010
In base 12, what is -3 + -394a797?
-394a79a
In base 8, what is 24035 + -104?
23731
In base 7, what is 42002 - 13106?
25563
In base 8, what is 5 + -7637005?
-7637000
In base 14, what is -69c156 - -5?
-69c151
In base 14, what is 4 + 5155c5?
5155c9
In base 7, what is -6054 - 14415?
-23502
In base 4, what is 101120 - -1211203?
1312323
In base 11, what is 19954989 + -3?
19954986
In base 7, what is -40121211 - 1?
-40121212
In base 13, what is -12 - -321091c?
321090a
In base 14, what is bdc5c - 15c?
bdb00
In base 4, what is -2011 + 1011201331?
1011133320
In base 4, what is 12123310 + -20020?
12103230
In base 8, what is -36571 - -15204?
-21365
In base 8, what is -747705 + -334?
-750241
In base 13, what is 748c - 273?
7219
In base 6, what is -342331005 + 111?
-342330454
In base 9, what is 17333 + 87766?
116210
In base 13, what is -142a47 + -30?
-142a77
In base 11, what is -12879 + 5722?
-8157
In base 10, what is -567 - 2021?
-2588
In base 14, what is 2b - -243c8?
24415
In base 16, what is 2e - -29bc0?
29bee
In base 16, what is 12 + 383c4?
383d6
In base 14, what is 176 - 28b1b?
-28985
In base 10, what is -990 - -7136?
6146
In base 5, what is -4010021204 - -2?
-4010021202
In base 12, what is -118